its digit of l?
6
Suppose 7*q = 19*q - 36. Let y = -152 + 254. Let m = y + q. What is the units digit of m?
5
Let u = -759 - -1286. Let z be 12/(-2)*(-2)/12 + 3. Suppose -5*r = 3*l - 652, l = z*r - 2*l - u. What is the units digit of r?
1
Let f = 307 + 3942. What is the tens digit of f?
4
Suppose 44 = 2*m - 2*t + 4*t, 3 = 3*t. Let l = m + -17. Suppose -l*a - 5*i = -660, -9*i = a - 6*i - 165. What is the tens digit of a?
6
Let j(m) = -148*m - 10. Let b(p) = 99*p + 7. Let h(l) = 7*b(l) + 5*j(l). What is the units digit of h(-1)?
6
Let f(h) = -h**3 + 3*h**2 - 2*h + 2. Let z be f(2). Suppose 3*s - 10 = 4*x, z*x + 9 = 4*s + x. Suppose 0*l - s*l + 114 = 0. What is the tens digit of l?
5
Suppose 2269690 - 541150 = 90*d. What is the thousands digit of d?
9
Suppose 0 = 18*g - 38 + 56. What is the units digit of (6376/24 + -9)/(g/(-3))?
0
Suppose -b + g = -4959, 0 = -b + 67*g - 70*g + 4951. Suppose 2561 = 21*n - b. What is the units digit of n?
8
Let x(j) = 193*j**2 + 27*j - 21. What is the hundreds digit of x(6)?
0
Suppose -28*o = -6793 + 2593. What is the hundreds digit of 9/3 + (1 - (-1 - o))?
1
Suppose s - x = -s + 53, 2*s - 62 = -2*x. Let c = -26 + s. What is the units digit of 2/c*19/1 - 3?
6
Suppose -4 = -2*l + 2*j, -j + 2 = 1. What is the tens digit of 83*(-25)/5*l/(-15)?
8
Suppose -2*f + 15332 + 99124 = 4*c, -2*f = -3*c - 114498. What is the tens digit of f?
4
Suppose -16 = -3*a - u - 0*u, 0 = 4*a - 3*u - 4. Suppose -297 = -y + a. What is the tens digit of y?
0
Suppose -4*w + 57*y = 55*y - 204, w - 5*y = 33. Suppose w*o = 80*o - 53973. What is the units digit of o?
9
Suppose -15 + 79 = 4*w. Suppose o = 3*o + w. What is the units digit of ((-98)/o)/7*4?
7
Suppose 5*o + 72798 = 4*d, 54594 = 61*d - 58*d - 3*o. What is the thousands digit of d?
8
Suppose 37*y = -28*y + 38415. What is the hundreds digit of y?
5
Suppose -21*o = 13627 - 86266. What is the hundreds digit of o?
4
Let c = 1891 + -1191. Suppose b = 6*b - c. Suppose -4*v = t - 55, -7*v + 3*v = -4*t + b. What is the tens digit of t?
3
Let n = 2275 - -285. Suppose -100 = -2*y + 5*h + 1154, -4*y - 3*h = -n. What is the hundreds digit of y?
6
Suppose -22*c + 53*c - 32116 = 0. Let h = 2441 - c. What is the hundreds digit of h?
4
Let v(p) = p**3 - 5*p**2 + 7*p - 6. Let b be v(4). Suppose -18 + b = -o. What is the units digit of (-2716)/(-24) - (-1 + 14/o)?
3
Let w = 156861 + -104976. What is the tens digit of w?
8
Let f be ((-8099)/(-182))/(2/(-4)). Suppose 0 = -3*x + x + 522. Let t = x + f. What is the tens digit of t?
7
Let p(a) = -a**3 + 15*a**2 + 43*a - 33. Let n be p(17). What is the tens digit of (8 + (-72)/5)/((-2)/n)?
8
Let a(z) = 2441*z**2 + 8*z + 7. Let v be a(-1). Suppose -5*q - v = -10010. What is the tens digit of q?
1
Let j = -6 + 9. Let z(b) = 2*b + 3. Let g(s) = s**2 - 26*s - 13. Let m(c) = -g(c) - 4*z(c). What is the units digit of m(j)?
6
Let u = 743 + -741. Suppose -u*i + 2081 + 1257 = 0. What is the thousands digit of i?
1
Let b(u) = -u**2 + 0*u**2 + 2*u**2 - 7*u - 3. Let c be ((-16)/4 + (-128)/(-16))/(12/45). What is the tens digit of b(c)?
1
Let j(p) = -1301*p - 180. What is the units digit of j(-3)?
3
Suppose -7*g = -3*g. Suppose g = y - 26 - 72. Let a = y + -19. What is the tens digit of a?
7
Let o = 77958 + -48573. What is the hundreds digit of o?
3
Suppose 9575 = 3*w - 24241 + 1119. What is the ten thousands digit of w?
1
Let f(v) = v**3 + 69*v**2 - 96*v - 549. What is the thousands digit of f(-66)?
8
Let j = 17137 - 25209. What is the units digit of (j/(-20))/(36/90)?
9
Suppose 0 = 2*c - 3*c - 3*x + 16, -5*x - 43 = -2*c. Suppose -c*m = -12*m - 14. Suppose -4*i - 17 = 3, -5*a = m*i - 255. What is the tens digit of a?
5
Let x(l) be the third derivative of l**5/30 - 7*l**4/24 + 5*l**3/3 - 24*l**2. Let k be x(3). Suppose k*f - 262 = 5*f. What is the hundreds digit of f?
1
Suppose -2*v - 2*v = -r + 25929, 12969 = -2*v + 5*r. What is the tens digit of ((-512)/56 + 8)/(4/v)?
5
Let q(y) = 4*y - 31. Let z be q(9). Suppose 3*k + 0*k = -f + 21, z*f = -k - 7. Suppose -9*s + 150 = -k*s. What is the units digit of s?
0
Suppose 0 = -14*i + 14*i + 4*i - 103048. What is the hundreds digit of i?
7
Let p = -130 - -238. Let z = p - 106. Suppose -z*c + 5*o = -305, -2*o + 486 = c + 2*c. What is the hundreds digit of c?
1
Suppose 5 + 25 = 10*b. Let s(h) = 15*h**2 + 9*h - 9. What is the units digit of s(b)?
3
Suppose 0 = -f - 2*f + 114. Suppose 131 = -3*x + 53. Let j = x + f. What is the tens digit of j?
1
Suppose 5*h - 111*x + 115*x = 2292, -915 = -2*h - x. What is the hundreds digit of h?
4
Suppose -2*r - 12 = 2*r, -4*a + r = 1149. Let d = 607 + a. What is the hundreds digit of d?
3
Let g be (42/(-84))/(1/2) + 5. Suppose -48 = -2*t - g*h + 4, -4*t + h = -86. What is the units digit of t?
2
Let z(w) be the first derivative of w**2/2 + 13*w + 6. Let t be z(-10). Suppose t*f = -2*q + 24 + 57, q - 68 = 4*f. What is the units digit of q?
8
Let n = -239 - -242. Suppose 0 = -n*x + 3*m + 2235, 5*x - 4*m + 3*m = 3721. What is the units digit of x?
4
Suppose 677*h - 12447945 + 9941605 = 29985598. What is the hundreds digit of h?
9
Let z = 4249 + -2185. Suppose -3*a - z = -6*a. What is the tens digit of a?
8
Suppose -o + 6 - 4 = 0. Suppose 2*s - 3*s + 3*m = 7, o*s + 34 = m. Let k = s - -23. What is the units digit of k?
4
Let y = -282 - -294. Suppose 7*t = y*t - 5360. What is the tens digit of t?
7
Let b(j) = -2*j**3 + j**2 + 2*j - 3. Let l be b(-2). Suppose 0 = 17*w - l*w - 1500. What is the hundreds digit of w?
3
Suppose 2*p = -s + 38850, 10*p = 6*p. What is the hundreds digit of s?
8
Suppose -3*y - 4*s = 10, 5*s + 8 = 5*y - 22. Suppose -2 = -o + 2. Suppose o*p - 29 - 25 = -y*h, p = 5. What is the units digit of h?
7
Suppose -4*o + 10 = -3*o. Let p be (6/o)/(9/45). Suppose -3*l + u = -40, 0*l - p*l + 48 = 3*u. What is the units digit of l?
4
Let c = -48928 - -109124. What is the tens digit of c?
9
Suppose -38223 = -3*z + 3*c, z = 4*c + 4758 + 7986. What is the hundreds digit of z?
7
Let h be (1 - (41 + -3))*-1. Let c = h - 33. Suppose -c*o = 5*w - 170 - 107, 4*o + 2*w = 274. What is the tens digit of o?
6
Let t = 378 - 376. Suppose t*i - 354 = -2*d + 5*i, 4*d = 2*i + 716. What is the hundreds digit of d?
1
Let u = 8198 - 7465. What is the units digit of u?
3
Suppose -4*j - 4 = 0, -5*j + 4 - 29 = -4*u. Suppose -u*r + v - 5*v - 1030 = 0, 3*r + v = -625. Let a = 403 + r. What is the hundreds digit of a?
1
Let r be (2 - 2/4)*54/81. What is the tens digit of 7/(14/6) - (-718)/r?
2
Let l be -7 - 3381/(3/(-1)). What is the tens digit of (l/21)/5*90?
6
Let x = -259 + 647. Suppose 3*l - x - 279 = -4*s, 0 = -s - 2. Suppose -n - 2*n + 2*q + 649 = 0, n - 5*q - l = 0. What is the hundreds digit of n?
2
Suppose -72408 = 5*x - 26*x. What is the hundreds digit of x?
4
Let g be ((-48)/20 - -4)*(-300)/(-8). Let w = g + 232. What is the hundreds digit of w?
2
Let y(t) = -10*t**2 + t + 7. Let c be y(-2). Let j = c - -68. Let r = 187 + j. What is the tens digit of r?
2
Let t(g) = g**3 - g + 229. Suppose 2*s + 2*s = -4*j, -j = -2*s. Let n be t(s). Suppose -n + 19 = -3*p. What is the tens digit of p?
7
Let z = 3281 + -1567. What is the hundreds digit of z?
7
Suppose -2*x + 4*r = -7*x + 4, 3 = -2*x + 3*r. Suppose -28*u + 33*u + 30 = x. Let a(n) = -13*n + 21. What is the units digit of a(u)?
9
Suppose 6*x = 3*x + 9. Suppose 30*j - 47*j + 34 = 0. Suppose 3*t - x*w + 1019 = 8*t, -w - j = 0. What is the hundreds digit of t?
2
Suppose -4*y = y + 4*i - 2908, 5*i = -3*y + 1750. Let b = -237 + y. What is the units digit of b?
3
Let s(a) = -128*a - 25. Let i be s(-4). Suppose 2*u = -111 + i. What is the units digit of u?
8
Suppose -2*g - 2 = 5*i - i, 5*g = -3*i - 5. Suppose 0 = -z + 185 + 79. Suppose i = -4*s - 44 + z. What is the tens digit of s?
5
Let i be (-45)/6*14/(-35). Suppose 5*k - 3275 = -4*r, -r + 815 = i*k - k. What is the hundreds digit of r?
8
Suppose 597*k - 8307502 = 244*k. What is the thousands digit of k?
3
Let s = 37 + -45. Let b = s + 9. Let w = b + 37. What is the units digit of w?
8
Suppose 2*j - 15 = -9. Suppose c + 116 = 2*g - 77, -5*c = j*g - 270. What is the units digit of g?
5
Let a be ((-18)/15)/((-3)/(-45)). What is the tens digit of 248 - 19/(57/a)?
5
Let o = -723 - -287. Let q = -301 - o. What is 